 ((-75)/(-50))/(((-15)/22)/(-5)). Suppose -2*d = 5*m - 71, 0*d - 5*d = m - 166. Calculate the highest common factor of g and d.
11
Suppose 7*k = 11 + 94. What is the greatest common factor of 6 and k?
3
Let f(z) = z**3 - 4*z**2 + z - 3. Suppose 3*b + 4*y - 2*y - 16 = 0, 0 = -b + y + 2. Let j be f(b). Calculate the greatest common factor of j and 8.
1
Suppose -2*u - 4 = -2*c + 24, c - 10 = -3*u. Let d = c - 9. What is the highest common divisor of d and 16?
4
Suppose 3*q + 57 = 5*b, b = -b - q + 25. Let z be 4/(-3) - 40/(-3). Calculate the greatest common divisor of b and z.
12
Suppose -2*d + 64 + 20 = 0. What is the greatest common divisor of d and 42?
42
Suppose -2*f + 7 = -s + 2, 0 = 4*f - 3*s - 5. Let z = -85 - -140. Calculate the greatest common divisor of f and z.
5
Suppose -35 = -2*t - 5*b + 13, -2*t + 46 = 4*b. What is the greatest common divisor of 19 and t?
19
Let w = 9 + 14. Suppose 2*c + 19 = 5*s - 0*s, 4*c = 5*s - w. Suppose 61 = s*l + 19. What is the highest common divisor of l and 7?
7
Let x(r) = 36*r + 0 + 2 - 3. Let a be x(1). Let b = 19 - 12. Calculate the greatest common factor of a and b.
7
Suppose 4*v - 6 = 3*v - g, 0 = -4*g + 16. Let n(i) = i + 2 - 3 + 8*i**v - 3*i. Let b be n(-1). Calculate the greatest common divisor of 72 and b.
9
Suppose -10*h + 693 = -h. Calculate the highest common divisor of h and 22.
11
Suppose -3 = -7*s + 11. Let n(k) = k**3 - 4*k - 3. Let r be n(-2). Let d be -2 - r - s*-3. Calculate the highest common divisor of 21 and d.
7
Let k(a) = a**3 + 8*a**2 + 3*a - 7. Let c be k(-7). Let q = c - 2. What is the highest common divisor of 209 and q?
19
Let m be 33/(0 - 3)*2/(-2). What is the greatest common factor of 1 and m?
1
Suppose 0 = 3*r - 0*r - 60. Let f = 139 - r. What is the highest common factor of f and 17?
17
Let k be ((-2)/(-2))/((48/126)/8). Calculate the highest common factor of 273 and k.
21
Let d = -13 + 46. Let v be 2/8 + 22/8. Calculate the greatest common factor of d and v.
3
Let g = -14 - -10. Let o = g + 11. What is the highest common factor of 42 and o?
7
Let l(y) = y**3 - 8*y**2 + 7*y + 8. Let r be l(7). Suppose -x - 3*x + 32 = 0. What is the highest common divisor of x and r?
8
Suppose -4*h - 13 = -3*u, -u + 4*h + 11 = -4. Let c be ((-3)/(-2))/u*-2. Suppose -64 = c*t - 7*t. Calculate the greatest common divisor of 40 and t.
8
Suppose -5*u + 0*u = -340. Let s = 9 - -8. Calculate the highest common divisor of u and s.
17
Suppose -6*j = -32 + 2. What is the greatest common factor of j and 2?
1
Suppose w - 13 = -0*w. Let h = w - 7. Calculate the highest common factor of h and 15.
3
Let s(a) = -a**2 + 3. Let w(b) = b**2 - 4. Let v(r) = -3*s(r) - 2*w(r). Let p be v(-4). Calculate the highest common factor of p and 10.
5
Let x = 79 - 65. What is the greatest common divisor of 14 and x?
14
Let p = -11 - -95. Calculate the highest common divisor of 12 and p.
12
Suppose 5*w - 2340 = 4*o, 2*o - 137 = -w + 345. Let r = w - 272. What is the highest common factor of r and 25?
25
Suppose -a + 40 = 4*h - 53, -90 = -4*h - 2*a. Calculate the greatest common divisor of h and 16.
8
Suppose 0 = -2*a + 5 + 23. Let u = 14 - -98. What is the greatest common factor of u and a?
14
Let t = -67 - -103. Calculate the greatest common divisor of 12 and t.
12
Let w(u) = u**3 + 27*u**2 - 5*u - 63. Let d be w(-27). What is the highest common factor of 18 and d?
18
Suppose 5*s - 3*c = 18, -3*s - 5*c - 2 = -2*s. Calculate the greatest common factor of 27 and s.
3
Suppose -6*g + 280 = -2*g. What is the greatest common divisor of g and 14?
14
Suppose -4*k + k = 27. Let z = k - -10. Suppose 0 = -0*p - 2*p + 10. What is the highest common divisor of z and p?
1
Let o be (-10 + 8)*6/(-4). What is the highest common factor of 3 and o?
3
Let n(u) = -6*u - 20. Let x be n(-8). Calculate the greatest common divisor of 42 and x.
14
Suppose 2*k - 7*k + 30 = 0. Let z be (69/k*2)/1. Calculate the greatest common divisor of z and 92.
23
Suppose 3*j - 4*p - 42 = 0, -4*p - 56 = -4*j - 9*p. Suppose 3*s + 56 = 7*s. What is the greatest common divisor of j and s?
14
Suppose 0 = -0*g + g - 2, -4*g = q - 25. What is the greatest common factor of 34 and q?
17
Let m(i) = -i**3 - 2*i - 1. Let a = -3 + 2. Let r be m(a). Suppose 5*f - 20 = r*c, 4*c + 16 = 4*f - 0*c. What is the greatest common divisor of 8 and f?
4
Suppose 127 = -2*m - 75. Let t = 141 + m. Suppose q - 4*x = x + t, -x = 5. Calculate the highest common divisor of q and 3.
3
Let y = -3 - -8. Suppose -4*p + 5*p + 4*l = 9, 5*p = -y*l + 60. What is the highest common factor of 39 and p?
13
Let m be (-34)/(-3) - 3/9. Suppose -2*z = 3*t - 4*t - 3, z = -2*t - m. Let p = z - -7. Calculate the highest common factor of 9 and p.
3
Suppose 4*v = w + 198 + 125, -169 = -2*v + 3*w. Calculate the highest common divisor of 200 and v.
40
Let k(y) = -y**2 - 4*y + 3. Let w be k(-4). Suppose h = w*h + 40. Let z = -2 - h. Calculate the greatest common divisor of z and 9.
9
Let k = -69 + 126. Suppose 2*h + t = 18, -15 + k = 4*h - t. Calculate the greatest common factor of 110 and h.
10
Suppose 4*z = 12 + 16. What is the greatest common divisor of 21 and z?
7
Let p(k) = -19*k - 20. Let g be p(-10). What is the greatest common divisor of g and 20?
10
Suppose 2*f - 3*o - 420 = 0, -f - 2*f = -o - 623. What is the greatest common factor of 23 and f?
23
Let i(s) = -s**3 + 7*s**2 + 4*s + 7. Let k be i(6). Let v = -6 + 6. Suppose -5*m = 2*a - 6*a - k, -a - 3 = v. Calculate the greatest common divisor of 88 and m.
11
Suppose 0 = -0*n - 4*n + 144. What is the greatest common factor of 9 and n?
9
Suppose j - 3 = 4. Suppose -2*u = 3*y - 2, 0 = 4*u - u - 5*y - 41. What is the highest common divisor of j and u?
7
Let b be ((-2)/4)/((-2)/16). Suppose 0 = -4*w - 0*s + 5*s + 26, -w + 12 = -b*s. Calculate the greatest common factor of 12 and w.
4
Let f = 27 - 14. Suppose 0*v = -5*v + 715. Calculate the greatest common divisor of v and f.
13
Let k = 20 - 15. What is the greatest common factor of 55 and k?
5
Let m = -9 + 11. Calculate the highest common divisor of m and 2.
2
Let f = 51 + -16. Calculate the highest common factor of 35 and f.
35
Suppose -12 = -2*g + 4. Suppose -6*o + 213 + 123 = 0. What is the greatest common factor of g and o?
8
Let j = -51 + 116. Let g(o) = -o**3 - 5*o**2 + 3*o + 8. Let h be g(-6). What is the greatest common factor of j and h?
13
Let v = -15 + 9. Let h be (4/v)/(3/(-9)). Let b be -3 + 1 + 24/h. What is the highest common divisor of 50 and b?
10
Let k = -34 - -47. Let s = k - -27. Let i be -3 + 3/((-15)/(-40)). Calculate the greatest common divisor of s and i.
5
Suppose 5*m = 4*t - 9*t + 35, 4*m - 30 = -5*t. Suppose -9 = m*x - 134. What is the greatest common divisor of x and 10?
5
Let g be (-28)/(3*(-2)/(-6)). Let l = 52 + g. Let n be 107/3 + 1/3. Calculate the greatest common factor of l and n.
12
Suppose 2*v = 4*v - 48. Suppose -4*w = 65 + 7. Let m = v - w. What is the highest common factor of m and 105?
21
Let v be (45/4)/((-15)/(-40)). Suppose -3*c + c = -v. What is the greatest common divisor of c and 3?
3
Suppose 0*i + 3*i = 3*u - 9, u = -3*i + 7. Let g = i + 23. Calculate the highest common factor of g and 48.
24
Suppose 5*f = -6*b + b + 80, -b + 4*f + 1 = 0. Let v(d) = d**3 + d. Let r be v(-1). Let j be (234/r)/(2/(-2)). Calculate the greatest common divisor of b and j.
13
Let g(s) = s**3 - 14*s**2 + 14*s - 8. Let t be g(13). Calculate the highest common divisor of t and 20.
5
Suppose 0*p + 34 = g + 4*p, 0 = -5*g - 2*p + 98. Suppose -7*w = -2*w - 135. What is the highest common divisor of g and w?
9
Let a be (28/(-12))/((-3)/72). Calculate the greatest common divisor of 14 and a.
14
Suppose -5*n + n + 144 = 2*j, -5*n = 5*j - 170. Let a = -17 + n. What is the greatest common divisor of 7 and a?
7
Let f be (-11)/(-3*(-5)/(-165)). Calculate the greatest common factor of f and 22.
11
Let y be (-1 + 0)/((-2)/120). Let j(x) = -x**2 - 7*x - 4. Let d be j(-6). Let i be (-428)/(-18) + d/9. Calculate the highest common divisor of y and i.
12
Suppose -77 = -2*b + 35. Let m = -1 - -1. Suppose -3*t + m*t = -21. What is the highest common divisor of t and b?
7
Suppose 4*l = -3*d - 21, -d + 0*d - 7 = 4*l. Let t = d - -10. Suppose -3*v = v + 3*b - t, 0 = -5*v - 5*b. What is the highest commo